4580 a multiple of 196?
True
Is 1560443 a multiple of 8?
False
Is 64 a factor of 3247751?
False
Is 59 a factor of 18296962?
True
Does 91 divide 272636?
True
Is 106 a factor of 787852?
False
Is 343 a factor of 946149?
False
Does 211 divide 750949?
True
Does 5 divide 1915190?
True
Is 8 a factor of 70754?
False
Does 240 divide 173916?
False
Is 40 a factor of 7723368?
False
Does 471 divide 1638731?
False
Is 834 a factor of 10229007?
False
Is 562912 a multiple of 80?
False
Is 9 a factor of 2179161?
True
Is 5709305 a multiple of 21?
False
Does 45 divide 1494540?
True
Is 66 a factor of 12563638?
False
Does 36 divide 4646520?
True
Is 1756002 a multiple of 58?
False
Does 635 divide 791210?
True
Does 5 divide 3619990?
True
Is 42 a factor of 201600?
True
Is 11 a factor of 1146729?
False
Is 53 a factor of 4215544?
False
Does 9 divide 2029991?
False
Is 177 a factor of 6996577?
False
Is 76 a factor of 97806?
False
Is 19 a factor of 381889?
False
Is 146767 a multiple of 163?
False
Does 20 divide 810440?
True
Is 103284 a multiple of 151?
True
Is 13 a factor of 9934?
False
Is 48300 a multiple of 2?
True
Is 37 a factor of 155992?
True
Does 153 divide 22185?
True
Is 2205061 a multiple of 6?
False
Does 31 divide 102331?
True
Is 9 a factor of 9043151?
False
Is 11 a factor of 14242074?
True
Is 2059733 a multiple of 19?
True
Is 41256 a multiple of 382?
True
Is 67446 a multiple of 27?
True
Is 35 a factor of 6720634?
False
Is 18 a factor of 18096?
False
Is 30438 a multiple of 13?
False
Is 1871377 a multiple of 22?
False
Does 8 divide 430592?
True
Is 854010 a multiple of 6?
True
Is 33 a factor of 315316?
False
Does 2 divide 411901?
False
Does 132 divide 466884?
True
Does 568 divide 12681736?
True
Is 19208 a multiple of 25?
False
Is 18099219 a multiple of 551?
False
Is 3852234 a multiple of 131?
False
Is 2260845 a multiple of 6?
False
Is 105254 a multiple of 4?
False
Does 7 divide 1149043?
True
Is 40 a factor of 190176?
False
Does 459 divide 223533?
True
Is 61334 a multiple of 91?
True
Does 216 divide 2292408?
True
Is 41451 a multiple of 123?
True
Is 93 a factor of 1360520?
False
Is 328 a factor of 1883704?
True
Is 22 a factor of 1237172?
False
Is 3248050 a multiple of 5?
True
Is 7726 a multiple of 5?
False
Is 267985 a multiple of 18?
False
Does 322 divide 6949565?
False
Does 225 divide 413700?
False
Is 31864 a multiple of 56?
True
Is 569745 a multiple of 9?
True
Is 104 a factor of 145704?
True
Does 291 divide 1568568?
False
Is 3433479 a multiple of 49?
True
Is 56 a factor of 131040?
True
Is 149 a factor of 2071053?
False
Is 82916 a multiple of 132?
False
Is 103140 a multiple of 60?
True
Does 62 divide 17396?
False
Is 18771 a multiple of 10?
False
Is 31 a factor of 1722546?
True
Is 6 a factor of 7053008?
False
Is 13 a factor of 113594?
True
Is 857 a factor of 2616813?
False
Does 62 divide 996402?
True
Is 70980 a multiple of 195?
True
Is 45 a factor of 256972?
False
Is 51184 a multiple of 14?
True
Is 247084 a multiple of 15?
False
Does 35 divide 4945850?
True
Is 704 a factor of 5921344?
True
Does 192 divide 225792?
True
Does 147 divide 929334?
True
Does 2 divide 13172?
True
Is 118992 a multiple of 1230?
False
Is 17 a factor of 241149?
False
Is 24 a factor of 2431344?
True
Is 679 a factor of 443876?
False
Is 23 a factor of 79028?
True
Is 268372 a multiple of 676?
True
Does 145 divide 158701?
False
Is 12984296 a multiple of 51?
False
Is 11 a factor of 1177231?
True
Does 28 divide 174832?
True
Is 161425 a multiple of 25?
True
Is 8 a factor of 47114?
False
Does 19 divide 3365854?
False
Is 1920915 a multiple of 465?
True
Is 837710 a multiple of 88?
False
Is 446 a factor of 4031347?
False
Is 17 a factor of 81277?
True
Does 7 divide 3336444?
False
Is 471301 a multiple of 7?
False
Does 3 divide 6057?
True
Is 137340 a multiple of 45?
True
Does 16 divide 459098?
False
Is 582958 a multiple of 437?
True
Is 69323 a multiple of 181?
True
Is 1433700 a multiple of 270?
True
Is 543864 a multiple of 102?
True
Is 14 a factor of 18763?
False
Does 609 divide 2086404?
False
Is 187 a factor of 14533827?
True
Does 38 divide 241402?
False
Is 666498 a multiple of 571?
False
Does 1309 divide 1972663?
True
Is 200192 a multiple of 17?
True
Is 37248 a multiple of 97?
True
Is 50230 a multiple of 13?
False
Is 233 a factor of 7202390?
False
Does 32 divide 291827?
False
Is 428190 a multiple of 15?
True
Does 10 divide 242200?
True
Does 539 divide 428213?
False
Is 9425732 a multiple of 273?
False
Is 5889117 a multiple of 13?
True
Does 94 divide 620964?
True
Is 13 a factor of 13734123?
True
Is 916343 a multiple of 312?
False
Does 70 divide 514500?
True
Does 5 divide 1750621?
False
Is 1004694 a multiple of 857?
False
Does 188 divide 8322384?
True
Does 23 divide 144578?
True
Is 4 a factor of 4375584?
True
Is 2842020 a multiple of 866?
False
Does 136 divide 6800?
True
Is 87 a factor of 79344?
True
Is 80142 a multiple of 5?
False
Is 300336 a multiple of 13?
False
Is 122 a factor of 275618?
False
Is 569 a factor of 1850957?
True
Does 134 divide 243812?
False
Is 242 a factor of 3713006?
True
Does 157 divide 8124716?
False
Is 163136 a multiple of 89?
False
Does 42 divide 180300?
False
Is 1602392 a multiple of 131?
True
Does 31 divide 1284609?
True
Is 1449831 a multiple of 42?
False
Is 11 a factor of 216682?
False
Does 13 divide 231371?
False
Is 3894417 a multiple of 26?
False
Does 8 divide 64376?
True
Does 2 divide 5837?
False
Does 7 divide 3046183?
True
Is 38579 a multiple of 6?
False
Is 51350 a multiple of 13?
True
Does 14 divide 317712?
False
Is 70245 a multiple of 7?
True
Does 10 divide 441291?
False
Is 1020694 a multiple of 206?
False
Is 3072338 a multiple of 19?
True
Is 1041820 a multiple of 52?
True
Is 290 a factor of 5077320?
True
Is 403 a factor of 79560?
False
Is 49 a factor of 321114?
False
Is 382 a factor of 9270436?
False
Does 931 divide 18979291?
False
Is 213642 a multiple of 13?
True
Is 13 a factor of 90885?
False
Is 36045 a multiple of 308?
False
Is 51688 a multiple of 182?
True
Is 244803 a multiple of 39?
True
Does 3 divide 198414?
True
Does 61 divide 411504?
False
Is 4155350 a multiple of 10?
True
Is 88 a factor of 72776?
True
Is 7801575 a multiple of 75?
True
Is 49472 a multiple of 64?
True
Does 56 divide 1417640?
True
Is 2012468 a multiple of 4?
True
Is 2884728 a multiple of 14?
True
Is 5946082 a multiple of 1401?
False
Does 173 divide 143816?
False
Is 2372 a multiple of 3?
False
Is 49 a factor of 143093?
False
Is 25 a factor of 4529889?
False
Is 2633415 a multiple of 238?
False
Is 18195372 a multiple of 306?
True
Is 13 a factor of 10795?
False
Is 19152 a multiple of 8?
True
Is 121 a factor of 541112?
True
Is 16080 a multiple of 7?
False
Is 13 a factor of 106444?
True
Is 11216 even?
True
Is 13 a factor of 1008995?
True
Does 92 divide 117668?
True
Is 12021 a multiple of 8?
False
Is 8 a factor of 1292960?
True
Is 1796698 a multiple of 16?
False
Is 210 a factor of 2500260?
True
Does 7 divide 450310?
True
Is 1204399 a multiple of 28?
False
Is 2918473 a multiple of 10?
False
Is 265811 a multiple of 10?
False
Is 975319 a multiple of 81?
False
Is 12 a factor of 314596?
False
Does 21 divide 140511?
True
Does 40 divide 9240?
True
Is 6 a factor of 13330?
False
Is 1966263 a multiple of 145?
False
Is 57 a factor of 6035616?
True
Does 72 divide 33555?
False
Is 13 a factor of 7792733?
True
Does 59 divide 732630?
False
Is 379 a factor of 1437777?
False
Is 80 a factor of 697513?
False
Is 113 a factor of 61429?
False
Does 30 divide 297510?
True
Is 182 a factor of 703066?
True
Is 4179945 a multiple of 329?
True
Does 74 divide 1314166?
True
Does 100 divide 827583?
False
Is 226 a factor of 1762348?
True
Does 52 divide 174252?
True
Does 8 divide 257112?
True
Is 13 a factor of 2122181?
False
Is 901468 a multiple of 2?
True
Is 1270320 a multiple of 670?
True
Does 8 divide 15298?
False
Is 481236 a multiple of 337?
True
Does 669 divide 330467?
False
Is 69408 a multiple of 8?
True
Does 264 divide 8525109?
False
Is 94 a factor of 13790?
False
Does 895 divide 27916643?
False
Is 280 a factor of 385924?
False
Is 16 a factor of 741336?
False
Is 3 a factor of 1754259?
True
Is 120 a factor of 7079160?
True
Is 16 a factor of 2346400?
True
Is 312 a factor of 3274440?
True
Does 118 divide 626236?
False
Does 147 divide 426501